e (10/(-3))/(2/(-3)). Suppose 61 = 5*u - z, 3*u + 8*z - 55 = 4*z. Suppose -b*i + u = -3*m, 0*m + m - 19 = -3*i. Let r(x) = x**2 - 3*x - 4. Give r(m).
0
Let o(q) be the second derivative of q**4/12 + q**3/6 + 2*q**2 + 26*q. Calculate o(-5).
24
Let f(h) = h**3 - 2*h - 1. Let q(u) = -1. Let w(a) = -8*a + 29. Let x(o) = -6*q(o) + w(o). Let k be x(4). Calculate f(k).
20
Let w(d) = 6*d. Let k(o) be the first derivative of -4 - 1/2*o**2 - 1/4*o**4 - 10*o - 11/3*o**3. Let b be k(-11). Determine w(b).
6
Let y(j) = -j**3 + 12*j**2 - 10*j - 11. Let a be (15 + -9 + 5)/(1 - 0). What is y(a)?
0
Let u(x) = -39*x + 5. Let n(g) = 19*g - 2. Let c(b) = 7*n(b) + 3*u(b). Let w = -5662 - -5661. Give c(w).
-15
Let i(w) = -w**3 + 9*w**2 + 2*w - 13. Let b(k) = 2*k**3 - 17*k**2 - 5*k + 25. Let v be (4 + (-87)/6)*(-8)/(-12). Let h(a) = v*i(a) - 4*b(a). What is h(6)?
-9
Let k(o) = -o**3 + 14*o**2 - 24*o + 2. Let r be k(12). Let a(c) = -4*c**2 + 7*c**r + 1 - 2 + 6*c**2. Calculate a(1).
8
Suppose -b - r - r + 3 = 0, -16 = 4*r. Let p(z) = 5*z**2 + z**3 - 2*z + z + b - 4*z**2 - 12. What is p(-2)?
-3
Let s(o) be the second derivative of o**4/12 - 5*o**3/6 + 3*o**2 - 5*o. Let u be s(4). Let w(g) = 2*g**2 + 5*g - g**u - 4 - 3*g. What is w(-4)?
4
Let j(p) = -2*p**2 + 27*p + 25. Let v(u) = -3*u**2 + 42*u + 40. Let b(o) = 8*j(o) - 5*v(o). Suppose 2*c - 14 = -0*c. Calculate b(c).
-7
Let m(z) = 3*z**3 - 2*z**2 - z - 6. Let x(v) = 10*v**3 - 7*v**2 - 4*v - 17. Let h be (-72)/54*(-3)/(-2). Let c(r) = h*x(r) + 7*m(r). Determine c(0).
-8
Let r(h) = h**2 - 5*h - 7. Let f(u) = u**3 + u**2 + u - 1. Let t be f(0). Let g be (t + 7)*1/1. Give r(g).
-1
Let g(o) = -o**3 + 13*o**2 + o - 11. Let j be 13*((4 + -1 - 2) + 0). Calculate g(j).
2
Let s(h) = 2*h - 5. Let c(t) = 4*t**3 - 11*t**2 - 2*t + 2. Let l = 11 - 8. Let u be c(l). What is s(u)?
5
Let k(h) = -h**3 + h + 9. Let c(x) = -x + 9. Let v be c(9). Determine k(v).
9
Let n be 8*-3*4/(-16). Let k(z) = -z**3 + 5*z**2 + 6*z - 2. Give k(n).
-2
Let t(b) = -b + b + b + 5. Let l(p) = p + 6. Suppose -4*h = -w + 44, 4 = h + 4*w - 2. Let q be l(h). Give t(q).
1
Let o(h) = 60*h + 162. Let l(d) = -9*d - 23. Let u(n) = 27*l(n) + 4*o(n). Determine u(9).
0
Let c(v) be the second derivative of -v**4/12 + 3*v**3/2 - 13*v**2/2 + 295*v. Calculate c(4).
7
Let a be 2/4*1*-2. Let c(t) be the third derivative of 0*t**3 + 0*t**4 - 3*t**2 + 1/60*t**5 + 0 + 12*t. What is c(a)?
1
Let m(f) = -f**3 + 6*f**2 - 5*f + 2. Let r be (-7 - (-11 + 3))/((-3)/(-15)). Give m(r).
2
Let n(y) = -248*y - 17 + 242*y + 11. Calculate n(-3).
12
Let o(d) be the first derivative of -3*d**2 - 3*d - 3. Let v(h) = -35*h - 17. Let u(t) = 34*o(t) - 6*v(t). Calculate u(-1).
-6
Let n = -938 - -931. Let w(t) = t**3 + 8*t**2 + 5*t + 9. Determine w(n).
23
Let f(x) = -x**3 - x**2 + 2*x - 1. Suppose w + 4*o = -3*w - 4, 0 = -w - 2*o. Let u be f(w). Let b(l) = 15*l**2 + 2*l + 1. Give b(u).
14
Let g(z) be the second derivative of z**5/20 + 3*z**4/4 + 4*z**3/3 - 3*z**2 + 24*z. Calculate g(-8).
-6
Let p(y) = -10 + 7*y**2 + 14*y**3 + 84*y - 72*y - 18*y**2 - 13*y**3. Give p(10).
10
Let x(w) = -4*w**2 + w. Let u = -1155 + 1157. Give x(u).
-14
Let j be (0 + -3 + 1)/(236/472). Let c(t) = t**3 + 3*t**2 + 5*t + 6. Calculate c(j).
-30
Suppose 2 = -3*x + 5, -5*j + 95 = 5*x. Let t(r) = -8 + r**2 - j*r - 25*r + 40*r. Determine t(6).
10
Let x(r) = -2*r + 20. Let i(w) = -12*w - 141. Let b be i(-13). Determine x(b).
-10
Suppose -6 = 2*x - 12. Suppose 9*n - x = 10*n. Let j(u) be the first derivative of -u**4/4 - 2*u**3/3 - u**2/2 - 4*u + 1. Give j(n).
8
Suppose 6*c - c - s = -136, -c - 28 = -s. Let z = c + 30. Let p(k) = -2*k**2 + 5*k - 2. Determine p(z).
-5
Let d(q) be the third derivative of -q**6/24 + q**4/24 + 3*q**2. Let p be d(1). Let s(o) = o**2 + o + 3. Determine s(p).
15
Let c(u) = u**3 - 7*u**2 + 2. Let d be c(7). Let x(r) = 1 - 3*r - r**3 + 3 + 3*r + 5*r**2 - d*r. What is x(5)?
-6
Suppose 3*r = 25*p - 29*p, -5*r = -4*p + 32. Let w(m) = -2*m - 10. What is w(r)?
-2
Let v(w) = -1692*w - 6*w**2 + 18 + 1688*w + 5*w**2. Give v(-7).
-3
Let j(i) = 6*i + 1. Let x be 10/12 + (462/36)/11. Give j(x).
13
Suppose 2*h = 1 + 1. Let c(r) be the second derivative of 6*r - 1/2*r**2 + 1/6*r**3 + 0. Give c(h).
0
Let n(k) = -2*k**2 - 18*k + 24. Let j(v) = v**2 + 8*v - 14. Let p(l) = 7*j(l) + 4*n(l). Calculate p(-14).
26
Let q(j) = -4*j**2 + 3. Let n(p) = -4*p**2 + 4. Let h(r) = 3*n(r) - 4*q(r). Let v = 23 + -20. Suppose -2*f + 5 = v. Calculate h(f).
4
Let h(j) = -9*j**3 - 13*j**2 - 23*j - 4. Let v(g) = -11*g**3 - 13*g**2 - 22*g - 3. Let n(c) = -6*h(c) + 5*v(c). Determine n(15).
-21
Let n be 0 + 1 + 5 + -4. Let c(g) = 0*g**n + 0*g - 3*g**2 - 2*g + 2. Let f be 2/6*36/(-6). Give c(f).
-6
Let n(i) = 4*i**2 + 4*i - 3. Suppose 0 = 2*f - 2*y - 13 + 1, 0 = 5*f + y - 6. Suppose f*b = 4*x + 4*b + 2, -5*x = 3*b + 5. Calculate n(x).
21
Let a(t) = -t**2 - 4*t - 2. Let j(q) = 2*q**2 + 8*q + 1. Let m(o) = -2*o**2 - 8*o. Let g(f) = -4*j(f) - 5*m(f). Let r be g(-4). Give a(r).
-2
Let t(v) = 2*v - 7. Let f be t(5). Let r(l) be the second derivative of l**3/6 + l**2 + 713*l. Determine r(f).
5
Let s(q) be the first derivative of 4*q + 2*q + 9 - 6*q - 7*q - q**2. Calculate s(-6).
5
Let b(l) be the third derivative of l**4/12 - 7*l**3/3 + 2*l**2 - 85*l. Give b(5).
-4
Let q(b) = b**2 + b - 6. Let l be q(-3). Suppose l = -4*n + 16, 3*r + 0*n + n - 28 = 0. Let g(p) = -p**3 + 9*p**2 - 9*p + 8. What is g(r)?
0
Let c = -9 - -12. Suppose -2*i + 3*b + 15 = 0, 5*b + 0*b = -2*i - 25. Let o(r) = c*r - 2*r + 2*r + r**2 + i*r**2 - 4. Calculate o(-3).
-4
Let w(k) = k**3 + 6*k**2 + 1. Suppose -c = -3*v + 4*c + 95, 0 = 4*v - 4*c - 132. Let z = -41 + v. What is w(z)?
1
Let s(k) = -k**3 - 7*k**2 + 8*k + 8. Suppose 0 = -5*d + 25 - 65. Calculate s(d).
8
Let i(n) = -3*n - 120 + 45 + 43 + 39. Give i(7).
-14
Let u(q) = -6*q + 7. Let s(z) = 7*z**3 - 4*z**2 + 4*z - 1. Let c be s(1). Calculate u(c).
-29
Let o(h) = h**3 - 3*h**2 - 10*h + 4. Let n be o(5). Let w(x) = -2*x**2 + 7*x - 5. Determine w(n).
-9
Let m(j) = j - 6*j - 4 + 7*j + j**2. Suppose 0 = -k, -z - 5 = -5*k - 2. Let q be 8/z + 4/(-12). Calculate m(q).
-1
Let o(s) = 3*s + 0 + 4 - s**3 - 4*s**2 - 7 + s**2. Let j(l) = 2. Let i(n) = -n + 7. Let b(t) = 2*i(t) - 7*j(t). Let y be b(2). Calculate o(y).
1
Suppose -8*p - 3 = -3. Let h(k) = -k - 16 + 12 + p*k. Calculate h(-6).
2
Let c(j) = 7*j - 12. Let d(h) = h - 1. Let x(s) = -c(s) + 6*d(s). Suppose 3*z + 8 = -z. Let r = z + 8. Determine x(r).
0
Let c be (42/(-70) - (-4)/(-10)) + 2. Let j(r) = 16*r**2 - 1. Give j(c).
15
Suppose 4*i + 12 = 4*c, -i + c + 17 = 4*c. Suppose -i*l + 4 = m + 5, -3*m - 5*l = 3. Let f(b) = 11*b**3 + 1. Calculate f(m).
-10
Let p(g) = g - 2. Let r = -26 - -46. Suppose 5*d - i + r = 0, -3*d + i = -4*d + 2. Determine p(d).
-5
Let j(g) = g**3 - 6*g**2 + 2*g + 4. Suppose -r + x + 9 = 0, 0 = -7*x + 8*x + 4. Determine j(r).
-11
Let u(k) = -k - 10. Let w(t) = -t. Let o(z) = -2*z + 11. Let a(r) = -o(r) + 4*w(r). Let m(x) = 2*a(x) - 3*u(x). Give m(0).
8
Let r(p) = p**3 - 19*p**2 - p + 11. Let f be r(19). Let b(q) = q**3 + 7*q**2 - 9*q - 7. Give b(f).
1
Suppose 2*x + 24 = 6*x. Let u(t) = t - 8. Give u(x).
-2
Let b(l) = 8*l**3 - 11*l**2 + 11*l + 15. Suppose 44*r + 18 = 47*r. Let x(c) = 5*c**3 - 5*c**2 + 5*c + 7. Let i(w) = r*b(w) - 13*x(w). What is i(1)?
-18
Suppose 8 + 8 = 2*j. Suppose v + 3*v = -j. Let t(c) = -3*c + 1. What is t(v)?
7
Let y(v) = v**3 + 4*v**2 + v - 3. Let j be (0 + -2)*(-1 + 6/2). Give y(j).
-7
Let m(b) be the second derivative of -2*b**3/3 - b**2/2 + 379*b. Determine m(4).
-17
Let x(l) = 3*l**2 - l - 1. Let n(o) = 10*o**2 - 6*o - 13. Let v(m) = -n(m) + 3*x(m). What is v(4)?
6
Suppose t = -w - 11, -4*w = 5*t - 6*w + 83. Let a = t + 12. Let l(s) = -135*s**3 + 136*s**3 - 1 + 7*s**2 + 4*s - 2*s**2. What is l(a)?
5
Let r(i) be the first derivative of -2*i**2 + 22*i - 295. What is r(7)?
-6
Let v(g) = 3*g + g**3 + 3 - 2 - 1 - 6*g**2. Suppose -3*w = -6*w, 2*m - 10 = 5*w. What is v(m)?
-10
Let t(j) = -24*j**2 + 20*j - 47. Let o(a) = 7*a**2 - 7*a + 16. Let h(z) = -7*o(z) - 2*t(z). Determine h(4).
2
Let l(s) be the second derivative of -s**5/20 + 11*s**4/12 + s**3/6 - 2*s**2 + 82*s. Calculate l(11).
7
Let h be 4 - -1*(-3 - (-1 + 0)). Let p(c) = -c**2 + 3